ime factors of 6327?
3, 19, 37
List the prime factors of 1026.
2, 3, 19
What are the prime factors of 11885?
5, 2377
List the prime factors of 1524.
2, 3, 127
List the prime factors of 499.
499
What are the prime factors of 27496?
2, 7, 491
List the prime factors of 358.
2, 179
What are the prime factors of 833?
7, 17
List the prime factors of 6501.
3, 11, 197
What are the prime factors of 4616?
2, 577
List the prime factors of 12960.
2, 3, 5
List the prime factors of 91430.
2, 5, 41, 223
List the prime factors of 2031.
3, 677
What are the prime factors of 920?
2, 5, 23
List the prime factors of 7572.
2, 3, 631
List the prime factors of 87454.
2, 73, 599
List the prime factors of 1977.
3, 659
What are the prime factors of 11873?
31, 383
List the prime factors of 7258.
2, 19, 191
What are the prime factors of 927?
3, 103
List the prime factors of 1768.
2, 13, 17
What are the prime factors of 5726?
2, 7, 409
List the prime factors of 19967.
41, 487
List the prime factors of 68480.
2, 5, 107
What are the prime factors of 5900?
2, 5, 59
What are the prime factors of 5554?
2, 2777
List the prime factors of 41888.
2, 7, 11, 17
What are the prime factors of 9749?
9749
List the prime factors of 583.
11, 53
What are the prime factors of 1400?
2, 5, 7
List the prime factors of 1205.
5, 241
List the prime factors of 4147.
11, 13, 29
List the prime factors of 7132.
2, 1783
List the prime factors of 2665.
5, 13, 41
List the prime factors of 50718.
2, 3, 79, 107
List the prime factors of 16393.
13, 97
What are the prime factors of 1051?
1051
What are the prime factors of 3060?
2, 3, 5, 17
What are the prime factors of 561?
3, 11, 17
List the prime factors of 10969.
7, 1567
What are the prime factors of 1300?
2, 5, 13
List the prime factors of 2673.
3, 11
List the prime factors of 1210.
2, 5, 11
What are the prime factors of 31033?
31033
What are the prime factors of 60050?
2, 5, 1201
List the prime factors of 5933.
17, 349
List the prime factors of 890.
2, 5, 89
What are the prime factors of 2278?
2, 17, 67
List the prime factors of 23762.
2, 109
List the prime factors of 10298.
2, 19, 271
What are the prime factors of 16492?
2, 7, 19, 31
List the prime factors of 1561.
7, 223
What are the prime factors of 60086?
2, 13, 2311
List the prime factors of 836.
2, 11, 19
List the prime factors of 7560.
2, 3, 5, 7
What are the prime factors of 10992?
2, 3, 229
What are the prime factors of 2430?
2, 3, 5
List the prime factors of 7616.
2, 7, 17
What are the prime factors of 31009?
11, 2819
What are the prime factors of 60339?
3, 20113
What are the prime factors of 6638?
2, 3319
What are the prime factors of 1863?
3, 23
List the prime factors of 6770.
2, 5, 677
List the prime factors of 506.
2, 11, 23
What are the prime factors of 2021?
43, 47
What are the prime factors of 489?
3, 163
List the prime factors of 6537.
3, 2179
What are the prime factors of 1504?
2, 47
List the prime factors of 2547.
3, 283
List the prime factors of 6621.
3, 2207
List the prime factors of 35340.
2, 3, 5, 19, 31
What are the prime factors of 851?
23, 37
List the prime factors of 596.
2, 149
List the prime factors of 1140.
2, 3, 5, 19
List the prime factors of 784.
2, 7
List the prime factors of 1028.
2, 257
What are the prime factors of 4601?
43, 107
What are the prime factors of 1168?
2, 73
List the prime factors of 21233.
17, 1249
What are the prime factors of 9866?
2, 4933
List the prime factors of 42492.
2, 3, 3541
What are the prime factors of 2612?
2, 653
List the prime factors of 48219.
3, 16073
List the prime factors of 313.
313
List the prime factors of 24987.
3, 8329
What are the prime factors of 497?
7, 71
List the prime factors of 60332.
2, 15083
List the prime factors of 6449.
6449
What are the prime factors of 3719?
3719
List the prime factors of 35740.
2, 5, 1787
List the prime factors of 81317.
233, 349
List the prime factors of 108.
2, 3
What are the prime factors of 11214?
2, 3, 7, 89
What are the prime factors of 360?
2, 3, 5
What are the prime factors of 10643?
29, 367
What are the prime factors of 54856?
2, 6857
What are the prime factors of 100581?
3, 13, 2579
What are the prime factors of 36444?
2, 3, 3037
What are the prime factors of 55009?
55009
What are the prime factors of 1858?
2, 929
What are the prime factors of 5675?
5, 227
What are the prime factors of 115924?
2, 73, 397
List the prime factors of 105483.
3, 7, 5023
What are the prime factors of 7814?
2, 3907
List the prime factors of 11057.
11057
What are the prime factors of 364?
2, 7, 13
What are the prime factors of 14929?
14929
What are the prime factors of 153379?
153379
List the prime factors of 38310.
2, 3, 5, 1277
List the prime factors of 3615.
3, 5, 241
List the prime factors of 2383.
2383
What are the prime factors of 1330?
2, 5, 7, 19
List the prime factors of 29450.
2, 5, 19, 31
What are the prime factors of 19485?
3, 5, 433
What are the prime factors of 4534?
2, 2267
List the prime factors of 9843.
3, 17, 193
List the prime factors of 145471.
145471
List the prime factors of 1038.
2, 3, 173
List the prime factors of 28971.
3, 29, 37
List the prime factors of 44958.
2, 3, 59, 127
List the prime factors of 14879.
14879
List the prime factors of 106841.
7, 15263
List the prime factors of 30534.
2, 3, 7, 727
List the prime factors of 113089.
113089
List the prime factors of 35393.
35393
What are the prime factors of 119990?
2, 5, 13, 71
What are the prime factors of 2669?
17, 157
List the prime factors of 161.
7, 23
List the prime factors of 4207.
7, 601
What are the prime factors of 9138?
2, 3, 1523
What are the prime factors of 4410?
2, 3, 5, 7
What are the prime factors of 52643?
61, 863
List the prime factors of 12021.
3, 4007
What are the prime factors of 5645?
5, 1129
What are the prime factors of 3606?
2, 3, 601
What are the prime factors of 73770?
2, 3, 5, 2459
List the prime factors of 1444.
2, 19
List the prime factors of 72905.
5, 7, 2083
What are the prime factors of 351?
3, 13
List the prime factors of 8738.
2, 17, 257
List the prime factors of 71124.
2, 3, 5927
List the prime factors of 5751.
3, 71
List the prime factors of 30581.
53, 577
What are the prime factors of 2663?
2663
List the prime factors of 4141.
41, 101
What are the prime factors of 2375?
5, 19
What are the prime factors of 40152?
2, 3, 7, 239
What are the prime factors of 23600?
2, 5, 59
List the prime factors of 3290.
2, 5, 7, 47
What are the prime factors of 58456?
2, 7307
List the prime factors of 9145.
5, 31, 59
What are the prime factors of 70498?
2, 101, 349
List the prime factors of 62907.
3, 13, 1613
List the prime factors of 1046.
2, 523
What are the prime factors of 411?
3, 137
List the prime factors of 3606.
2, 3, 601
List the prime factors of 885.
3, 5, 59
List the prime factors of 144351.
3, 43, 373
List the prime factors of 23603.
23603
List the prime factors of 115774.
2, 107, 541
What are the prime factors of 9869?
71, 139
What are the prime factors of 92537?
37, 41, 61
What are the prime factors of 76548?
2, 3, 6379
List the prime factors of 955.
5, 191
What are the prime factors of 133100?
2, 5, 11
List the prime factors of 1423.
1423
What are the prime factors of 134?
2, 67
What are the prime factors of 6122?
2, 3061
List the prime factors of 5025.
3, 5, 67
What are the prime factors of 11889?
3, 1321
List the prime factors of 268.
2, 67
List the prime factors of 120076.
2, 11, 2729
What are the prime factors of 2290?
2, 5, 229
What are the prime factors of 46532?
2, 11633
List the prime factors of 1587.
3, 23
List the prime factors of 22265.
5, 61, 73
What are the prime factors of 2723?
7, 389
What are the prime factors of 35003?
17, 29, 71
List the prime factors of 3644.
2, 911
List the prime factors of 81.
3
What are the prime factors of 334?
2, 167
List the prime factors of 66331.
113, 587
List the prime factors of 667.
23, 29
List the prime factors of 407.
11, 37
List the prime factors of 30088.
2, 3761
What are the prime factors of 2181?
3, 727
List the prime factors of 12223.
17, 719
List the prime factors of 202.
2, 101
List the prime factors of 4665.
3, 5, 311
List the prime factors of 79541.
7, 11, 1033
What are the prime factors of 1373?
1373
What are the prime factors of 1795?
5, 